[INFO] fetching crate tetsy-libp2p-relay 0.1.0...
[INFO] building tetsy-libp2p-relay-0.1.0 against master#ff34b919075f35a1787659e9c448a34b06bab8de for issue-85264
[INFO] extracting crate tetsy-libp2p-relay 0.1.0 into /workspace/builds/worker-9/source
[INFO] validating manifest of crates.io crate tetsy-libp2p-relay 0.1.0 on toolchain ff34b919075f35a1787659e9c448a34b06bab8de
[INFO] running `Command { std: "/workspace/cargo-home/bin/cargo" "+ff34b919075f35a1787659e9c448a34b06bab8de" "metadata" "--manifest-path" "Cargo.toml" "--no-deps", kill_on_drop: false }`
[INFO] started tweaking crates.io crate tetsy-libp2p-relay 0.1.0
[INFO] finished tweaking crates.io crate tetsy-libp2p-relay 0.1.0
[INFO] tweaked toml for crates.io crate tetsy-libp2p-relay 0.1.0 written to /workspace/builds/worker-9/source/Cargo.toml
[INFO] crate crates.io crate tetsy-libp2p-relay 0.1.0 already has a lockfile, it will not be regenerated
[INFO] running `Command { std: "/workspace/cargo-home/bin/cargo" "+ff34b919075f35a1787659e9c448a34b06bab8de" "fetch" "--manifest-path" "Cargo.toml", kill_on_drop: false }`
[INFO] [stderr]     Blocking waiting for file lock on package cache
[INFO] running `Command { std: "docker" "create" "-v" "/var/lib/crater-agent-workspace/builds/worker-9/target:/opt/rustwide/target:rw,Z" "-v" "/var/lib/crater-agent-workspace/builds/worker-9/source:/opt/rustwide/workdir:ro,Z" "-v" "/var/lib/crater-agent-workspace/cargo-home:/opt/rustwide/cargo-home:ro,Z" "-v" "/var/lib/crater-agent-workspace/rustup-home:/opt/rustwide/rustup-home:ro,Z" "-e" "SOURCE_DIR=/opt/rustwide/workdir" "-e" "CARGO_TARGET_DIR=/opt/rustwide/target" "-e" "CARGO_HOME=/opt/rustwide/cargo-home" "-e" "RUSTUP_HOME=/opt/rustwide/rustup-home" "-w" "/opt/rustwide/workdir" "-m" "1610612736" "--user" "0:0" "--network" "none" "ghcr.io/rust-lang/crates-build-env/linux@sha256:20528e8c29e4536546f0102ce88568b16ea7538393a33fcca951030f7af10457" "/opt/rustwide/cargo-home/bin/cargo" "+ff34b919075f35a1787659e9c448a34b06bab8de" "metadata" "--no-deps" "--format-version=1", kill_on_drop: false }`
[INFO] [stdout] d1ceb77b98ddc8ff0d3da1274ff789bcf3f61c647263ebaca0248de3d32e22e3
[INFO] [stderr] WARNING: Your kernel does not support swap limit capabilities or the cgroup is not mounted. Memory limited without swap.
[INFO] running `Command { std: "docker" "start" "-a" "d1ceb77b98ddc8ff0d3da1274ff789bcf3f61c647263ebaca0248de3d32e22e3", kill_on_drop: false }`
[INFO] running `Command { std: "docker" "inspect" "d1ceb77b98ddc8ff0d3da1274ff789bcf3f61c647263ebaca0248de3d32e22e3", kill_on_drop: false }`
[INFO] running `Command { std: "docker" "rm" "-f" "d1ceb77b98ddc8ff0d3da1274ff789bcf3f61c647263ebaca0248de3d32e22e3", kill_on_drop: false }`
[INFO] [stdout] d1ceb77b98ddc8ff0d3da1274ff789bcf3f61c647263ebaca0248de3d32e22e3
[INFO] running `Command { std: "docker" "create" "-v" "/var/lib/crater-agent-workspace/builds/worker-9/target:/opt/rustwide/target:rw,Z" "-v" "/var/lib/crater-agent-workspace/builds/worker-9/source:/opt/rustwide/workdir:ro,Z" "-v" "/var/lib/crater-agent-workspace/cargo-home:/opt/rustwide/cargo-home:ro,Z" "-v" "/var/lib/crater-agent-workspace/rustup-home:/opt/rustwide/rustup-home:ro,Z" "-e" "SOURCE_DIR=/opt/rustwide/workdir" "-e" "CARGO_TARGET_DIR=/opt/rustwide/target" "-e" "CARGO_INCREMENTAL=0" "-e" "RUST_BACKTRACE=full" "-e" "RUSTFLAGS=--cap-lints=forbid" "-e" "CARGO_HOME=/opt/rustwide/cargo-home" "-e" "RUSTUP_HOME=/opt/rustwide/rustup-home" "-w" "/opt/rustwide/workdir" "-m" "1610612736" "--user" "0:0" "--network" "none" "ghcr.io/rust-lang/crates-build-env/linux@sha256:20528e8c29e4536546f0102ce88568b16ea7538393a33fcca951030f7af10457" "/opt/rustwide/cargo-home/bin/cargo" "+ff34b919075f35a1787659e9c448a34b06bab8de" "build" "--frozen" "--message-format=json", kill_on_drop: false }`
[INFO] [stdout] a95dfc7cbfdc69ef95103be2756f7e65d8b8071c1d093bdcbb371f23310fdaac
[INFO] [stderr] WARNING: Your kernel does not support swap limit capabilities or the cgroup is not mounted. Memory limited without swap.
[INFO] running `Command { std: "docker" "start" "-a" "a95dfc7cbfdc69ef95103be2756f7e65d8b8071c1d093bdcbb371f23310fdaac", kill_on_drop: false }`
[INFO] [stderr]    Compiling proc-macro2 v1.0.24
[INFO] [stderr]    Compiling syn v1.0.63
[INFO] [stderr]    Compiling libc v0.2.88
[INFO] [stderr]    Compiling typenum v1.12.0
[INFO] [stderr]    Compiling getrandom v0.2.2
[INFO] [stderr]    Compiling anyhow v1.0.38
[INFO] [stderr]    Compiling futures-sink v0.3.13
[INFO] [stderr]    Compiling futures-core v0.3.13
[INFO] [stderr]    Compiling futures-io v0.3.13
[INFO] [stderr]    Compiling futures-task v0.3.13
[INFO] [stderr]    Compiling log v0.4.14
[INFO] [stderr]    Compiling serde v1.0.124
[INFO] [stderr]    Compiling multimap v0.8.2
[INFO] [stderr]    Compiling cc v1.0.67
[INFO] [stderr]    Compiling pin-project-internal v0.4.27
[INFO] [stderr]    Compiling cpuid-bool v0.1.2
[INFO] [stderr]    Compiling maybe-uninit v2.0.0
[INFO] [stderr]    Compiling generic-array v0.14.4
[INFO] [stderr]    Compiling tinyvec v1.1.1
[INFO] [stderr]    Compiling unicode-bidi v0.3.4
[INFO] [stderr]    Compiling lock_api v0.4.2
[INFO] [stderr]    Compiling ed25519 v1.0.3
[INFO] [stderr]    Compiling futures-channel v0.3.13
[INFO] [stderr]    Compiling smallvec v0.6.14
[INFO] [stderr]    Compiling ring v0.16.20
[INFO] [stderr]    Compiling quote v1.0.9
[INFO] [stderr]    Compiling proc-macro-error-attr v1.0.4
[INFO] [stderr]    Compiling getrandom v0.1.16
[INFO] [stderr]    Compiling num_cpus v1.13.0
[INFO] [stderr]    Compiling parking_lot_core v0.8.3
[INFO] [stderr]    Compiling parking_lot v0.11.1
[INFO] [stderr]    Compiling rand_core v0.5.1
[INFO] [stderr]    Compiling rand_core v0.6.2
[INFO] [stderr]    Compiling unicode-normalization v0.1.17
[INFO] [stderr]    Compiling rand_chacha v0.2.2
[INFO] [stderr]    Compiling rand_chacha v0.3.0
[INFO] [stderr]    Compiling generic-array v0.12.4
[INFO] [stderr]    Compiling rand v0.7.3
[INFO] [stderr]    Compiling rand v0.8.3
[INFO] [stderr]    Compiling digest v0.8.1
[INFO] [stderr]    Compiling crypto-mac v0.7.0
[INFO] [stderr]    Compiling block-buffer v0.7.3
[INFO] [stderr]    Compiling hmac v0.7.1
[INFO] [stderr]    Compiling sha2 v0.8.2
[INFO] [stderr]    Compiling hmac-drbg v0.2.0
[INFO] [stderr]    Compiling digest v0.9.0
[INFO] [stderr]    Compiling block-buffer v0.9.0
[INFO] [stderr]    Compiling sha2 v0.9.3
[INFO] [stderr]    Compiling libsecp256k1 v0.3.5
[INFO] [stderr]    Compiling idna v0.2.2
[INFO] [stderr]    Compiling tempfile v3.2.0
[INFO] [stderr]    Compiling url v2.2.1
[INFO] [stderr]    Compiling toml v0.5.8
[INFO] [stderr]    Compiling synstructure v0.12.4
[INFO] [stderr]    Compiling proc-macro-error v1.0.4
[INFO] [stderr]    Compiling proc-macro-crate v0.1.5
[INFO] [stderr]    Compiling futures-macro v0.3.13
[INFO] [stderr]    Compiling thiserror-impl v1.0.24
[INFO] [stderr]    Compiling prost-derive v0.7.0
[INFO] [stderr]    Compiling zeroize_derive v1.0.1
[INFO] [stderr]    Compiling pin-project-internal v1.0.5
[INFO] [stderr]    Compiling multihash-derive v0.7.1
[INFO] [stderr]    Compiling asn1_der_derive v0.1.2
[INFO] [stderr]    Compiling asn1_der v0.6.3
[INFO] [stderr]    Compiling zeroize v1.2.0
[INFO] [stderr]    Compiling curve25519-dalek v3.0.2
[INFO] [stderr]    Compiling futures-util v0.3.13
[INFO] [stderr]    Compiling multihash v0.13.2
[INFO] [stderr]    Compiling pin-project v1.0.5
[INFO] [stderr]    Compiling ed25519-dalek v1.0.1
[INFO] [stderr]    Compiling pin-project v0.4.27
[INFO] [stderr]    Compiling thiserror v1.0.24
[INFO] [stderr]    Compiling which v4.0.2
[INFO] [stderr]    Compiling prost-build v0.7.0
[INFO] [stderr]    Compiling prost v0.7.0
[INFO] [stderr]    Compiling prost-types v0.7.0
[INFO] [stderr]    Compiling futures-executor v0.3.13
[INFO] [stderr]    Compiling asynchronous-codec v0.6.0
[INFO] [stderr]    Compiling unsigned-varint v0.7.0
[INFO] [stderr]    Compiling futures v0.3.13
[INFO] [stderr]    Compiling rw-stream-sink v0.2.1
[INFO] [stderr]    Compiling wasm-timer v0.2.5
[INFO] [stderr]    Compiling tetsy-multiaddr v0.11.1
[INFO] [stderr]    Compiling tetsy-multistream-select v0.10.2
[INFO] [stderr]    Compiling tetsy-libp2p-core v0.27.2
[INFO] [stderr]    Compiling tetsy-libp2p-relay v0.1.0 (/opt/rustwide/workdir)
[INFO] [stderr]    Compiling tetsy-libp2p-swarm v0.28.0
[INFO] [stderr]     Finished dev [unoptimized + debuginfo] target(s) in 1m 09s
[INFO] running `Command { std: "docker" "inspect" "a95dfc7cbfdc69ef95103be2756f7e65d8b8071c1d093bdcbb371f23310fdaac", kill_on_drop: false }`
[INFO] running `Command { std: "docker" "rm" "-f" "a95dfc7cbfdc69ef95103be2756f7e65d8b8071c1d093bdcbb371f23310fdaac", kill_on_drop: false }`
[INFO] [stdout] a95dfc7cbfdc69ef95103be2756f7e65d8b8071c1d093bdcbb371f23310fdaac
[INFO] running `Command { std: "docker" "create" "-v" "/var/lib/crater-agent-workspace/builds/worker-9/target:/opt/rustwide/target:rw,Z" "-v" "/var/lib/crater-agent-workspace/builds/worker-9/source:/opt/rustwide/workdir:ro,Z" "-v" "/var/lib/crater-agent-workspace/cargo-home:/opt/rustwide/cargo-home:ro,Z" "-v" "/var/lib/crater-agent-workspace/rustup-home:/opt/rustwide/rustup-home:ro,Z" "-e" "SOURCE_DIR=/opt/rustwide/workdir" "-e" "CARGO_TARGET_DIR=/opt/rustwide/target" "-e" "CARGO_INCREMENTAL=0" "-e" "RUST_BACKTRACE=full" "-e" "RUSTFLAGS=--cap-lints=forbid" "-e" "CARGO_HOME=/opt/rustwide/cargo-home" "-e" "RUSTUP_HOME=/opt/rustwide/rustup-home" "-w" "/opt/rustwide/workdir" "-m" "1610612736" "--user" "0:0" "--network" "none" "ghcr.io/rust-lang/crates-build-env/linux@sha256:20528e8c29e4536546f0102ce88568b16ea7538393a33fcca951030f7af10457" "/opt/rustwide/cargo-home/bin/cargo" "+ff34b919075f35a1787659e9c448a34b06bab8de" "test" "--frozen" "--no-run" "--message-format=json", kill_on_drop: false }`
[INFO] [stdout] 3802483d6a370a3300132a24797b7ce03b546f458c407013f1944f94ede4c5db
[INFO] [stderr] WARNING: Your kernel does not support swap limit capabilities or the cgroup is not mounted. Memory limited without swap.
[INFO] running `Command { std: "docker" "start" "-a" "3802483d6a370a3300132a24797b7ce03b546f458c407013f1944f94ede4c5db", kill_on_drop: false }`
[INFO] [stderr]     Blocking waiting for file lock on package cache
[INFO] [stderr]    Compiling regex-syntax v0.6.23
[INFO] [stderr]    Compiling quick-error v1.2.3
[INFO] [stderr]    Compiling termcolor v1.1.2
[INFO] [stderr]    Compiling atty v0.2.14
[INFO] [stderr]    Compiling humantime v1.3.0
[INFO] [stderr]    Compiling regex v1.4.4
[INFO] [stderr]    Compiling env_logger v0.7.1
[INFO] [stderr]    Compiling tetsy-libp2p-relay v0.1.0 (/opt/rustwide/workdir)
[INFO] [stdout] error[E0433]: failed to resolve: use of undeclared crate or module `tetsy_libp2p`
[INFO] [stdout]   --> examples/relay.rs:23:5
[INFO] [stdout]    |
[INFO] [stdout] 23 | use tetsy_libp2p::core::upgrade;
[INFO] [stdout]    |     ^^^^^^^^^^^^ use of undeclared crate or module `tetsy_libp2p`
[INFO] [stdout] 
[INFO] [stdout] 
[INFO] [stdout] error[E0433]: failed to resolve: use of undeclared crate or module `tetsy_libp2p`
[INFO] [stdout]   --> examples/relay.rs:25:5
[INFO] [stdout]    |
[INFO] [stdout] 25 | use tetsy_libp2p::relay::RelayConfig;
[INFO] [stdout]    |     ^^^^^^^^^^^^ use of undeclared crate or module `tetsy_libp2p`
[INFO] [stdout] 
[INFO] [stdout] 
[INFO] [stdout] error[E0433]: failed to resolve: use of undeclared crate or module `tetsy_libp2p`
[INFO] [stdout]   --> examples/relay.rs:26:5
[INFO] [stdout]    |
[INFO] [stdout] 26 | use tetsy_libp2p::tcp::TcpConfig;
[INFO] [stdout]    |     ^^^^^^^^^^^^ use of undeclared crate or module `tetsy_libp2p`
[INFO] [stdout] 
[INFO] [stdout] 
[INFO] [stdout] error[E0432]: unresolved import `plaintext`
[INFO] [stdout]   --> examples/relay.rs:24:5
[INFO] [stdout]    |
[INFO] [stdout] 24 | use plaintext;
[INFO] [stdout]    |     ^^^^^^^^^ no external crate `plaintext`
[INFO] [stdout] 
[INFO] [stdout] 
[INFO] [stdout] error[E0432]: unresolved import `tetsy_libp2p`
[INFO] [stdout]   --> examples/relay.rs:27:5
[INFO] [stdout]    |
[INFO] [stdout] 27 | use tetsy_libp2p::Transport;
[INFO] [stdout]    |     ^^^^^^^^^^^^ use of undeclared crate or module `tetsy_libp2p`
[INFO] [stdout] 
[INFO] [stdout] 
[INFO] [stdout] error[E0432]: unresolved import `tetsy_libp2p`
[INFO] [stdout]   --> examples/relay.rs:28:5
[INFO] [stdout]    |
[INFO] [stdout] 28 | use tetsy_libp2p::{identity, PeerId, Swarm};
[INFO] [stdout]    |     ^^^^^^^^^^^^ use of undeclared crate or module `tetsy_libp2p`
[INFO] [stdout] 
[INFO] [stdout] 
[INFO] [stdout] error[E0433]: failed to resolve: use of undeclared crate or module `tetsy_libp2p`
[INFO] [stdout]   --> tests/lib.rs:25:5
[INFO] [stdout]    |
[INFO] [stdout] 25 | use tetsy_libp2p::kad::record::store::MemoryStore;
[INFO] [stdout]    |     ^^^^^^^^^^^^ use of undeclared crate or module `tetsy_libp2p`
[INFO] [stdout] 
[INFO] [stdout] 
[INFO] [stdout] error[E0432]: unresolved import `tetsy_libp2p`
[INFO] [stdout]   --> tests/lib.rs:26:5
[INFO] [stdout]    |
[INFO] [stdout] 26 | use tetsy_libp2p::NetworkBehaviour;
[INFO] [stdout]    |     ^^^^^^^^^^^^ use of undeclared crate or module `tetsy_libp2p`
[INFO] [stdout] 
[INFO] [stdout] 
[INFO] [stdout] error[E0432]: unresolved import `tetsy_libp2p_identify`
[INFO] [stdout]   --> tests/lib.rs:33:5
[INFO] [stdout]    |
[INFO] [stdout] 33 | use tetsy_libp2p_identify::{Identify, IdentifyEvent, IdentifyInfo};
[INFO] [stdout]    |     ^^^^^^^^^^^^^^^^^^^^^ use of undeclared crate or module `tetsy_libp2p_identify`
[INFO] [stdout] 
[INFO] [stdout] 
[INFO] [stdout] error[E0432]: unresolved import `tetsy_libp2p_kad`
[INFO] [stdout]   --> tests/lib.rs:34:5
[INFO] [stdout]    |
[INFO] [stdout] 34 | use tetsy_libp2p_kad::{GetClosestPeersOk, Kademlia, KademliaEvent, QueryResult};
[INFO] [stdout]    |     ^^^^^^^^^^^^^^^^ use of undeclared crate or module `tetsy_libp2p_kad`
[INFO] [stdout] 
[INFO] [stdout] 
[INFO] [stdout] error[E0432]: unresolved import `tetsy_libp2p_ping`
[INFO] [stdout]   --> tests/lib.rs:35:5
[INFO] [stdout]    |
[INFO] [stdout] 35 | use tetsy_libp2p_ping::{Ping, PingConfig, PingEvent};
[INFO] [stdout]    |     ^^^^^^^^^^^^^^^^^ use of undeclared crate or module `tetsy_libp2p_ping`
[INFO] [stdout] 
[INFO] [stdout] 
[INFO] [stdout] error[E0432]: unresolved import `plaintext`
[INFO] [stdout]   --> tests/lib.rs:36:5
[INFO] [stdout]    |
[INFO] [stdout] 36 | use plaintext::PlainText2Config;
[INFO] [stdout]    |     ^^^^^^^^^ use of undeclared crate or module `plaintext`
[INFO] [stdout] 
[INFO] [stdout] 
[INFO] [stdout] error: cannot determine resolution for the derive macro `NetworkBehaviour`
[INFO] [stdout]     --> tests/lib.rs:1067:10
[INFO] [stdout]      |
[INFO] [stdout] 1067 | #[derive(NetworkBehaviour)]
[INFO] [stdout]      |          ^^^^^^^^^^^^^^^^
[INFO] [stdout]      |
[INFO] [stdout]      = note: import resolution is stuck, try simplifying macro imports
[INFO] [stdout] 
[INFO] [stdout] 
[INFO] [stdout] error[E0433]: failed to resolve: use of undeclared type `TcpConfig`
[INFO] [stdout]   --> examples/relay.rs:41:25
[INFO] [stdout]    |
[INFO] [stdout] 41 |     let tcp_transport = TcpConfig::new();
[INFO] [stdout]    |                         ^^^^^^^^^ use of undeclared type `TcpConfig`
[INFO] [stdout] 
[INFO] [stdout] 
[INFO] [stdout] error[E0433]: failed to resolve: use of undeclared crate or module `upgrade`
[INFO] [stdout]   --> examples/relay.rs:55:18
[INFO] [stdout]    |
[INFO] [stdout] 55 |         .upgrade(upgrade::Version::V1)
[INFO] [stdout]    |                  ^^^^^^^ use of undeclared crate or module `upgrade`
[INFO] [stdout] 
[INFO] [stdout] 
[INFO] [stdout] error[E0433]: failed to resolve: use of undeclared crate or module `libp2p_remux`
[INFO] [stdout]   --> examples/relay.rs:57:20
[INFO] [stdout]    |
[INFO] [stdout] 57 |         .multiplex(libp2p_remux::RemuxConfig::default())
[INFO] [stdout]    |                    ^^^^^^^^^^^^ use of undeclared crate or module `libp2p_remux`
[INFO] [stdout] 
[INFO] [stdout] 
[INFO] [stdout] error[E0422]: cannot find struct, variant or union type `RelayConfig` in this scope
[INFO] [stdout]   --> examples/relay.rs:43:24
[INFO] [stdout]    |
[INFO] [stdout] 43 |     let relay_config = RelayConfig {
[INFO] [stdout]    |                        ^^^^^^^^^^^ not found in this scope
[INFO] [stdout]    |
[INFO] [stdout] help: consider importing this struct
[INFO] [stdout]    |
[INFO] [stdout] 21 | use tetsy_libp2p_relay::RelayConfig;
[INFO] [stdout]    |
[INFO] [stdout] 
[INFO] [stdout] 
[INFO] [stdout] error: cannot find attribute `behaviour` in this scope
[INFO] [stdout]     --> tests/lib.rs:1068:3
[INFO] [stdout]      |
[INFO] [stdout] 1068 | #[behaviour(out_event = "CombinedEvent", poll_method = "poll")]
[INFO] [stdout]      |   ^^^^^^^^^
[INFO] [stdout] 
[INFO] [stdout] 
[INFO] [stdout] error: cannot find attribute `behaviour` in this scope
[INFO] [stdout]     --> tests/lib.rs:1075:7
[INFO] [stdout]      |
[INFO] [stdout] 1075 |     #[behaviour(ignore)]
[INFO] [stdout]      |       ^^^^^^^^^
[INFO] [stdout] 
[INFO] [stdout] 
[INFO] [stdout] error: cannot determine resolution for the derive macro `NetworkBehaviour`
[INFO] [stdout]     --> tests/lib.rs:1135:10
[INFO] [stdout]      |
[INFO] [stdout] 1135 | #[derive(NetworkBehaviour)]
[INFO] [stdout]      |          ^^^^^^^^^^^^^^^^
[INFO] [stdout]      |
[INFO] [stdout]      = note: import resolution is stuck, try simplifying macro imports
[INFO] [stdout] 
[INFO] [stdout] 
[INFO] [stdout] error[E0433]: failed to resolve: use of undeclared crate or module `libp2p_remux`
[INFO] [stdout]     --> tests/lib.rs:1224:20
[INFO] [stdout]      |
[INFO] [stdout] 1224 |         .multiplex(libp2p_remux::RemuxConfig::default())
[INFO] [stdout]      |                    ^^^^^^^^^^^^ use of undeclared crate or module `libp2p_remux`
[INFO] [stdout] 
[INFO] [stdout] 
[INFO] [stdout] error[E0433]: failed to resolve: use of undeclared type `MemoryStore`
[INFO] [stdout]     --> tests/lib.rs:1232:13
[INFO] [stdout]      |
[INFO] [stdout] 1232 |             MemoryStore::new(local_peer_id.clone()),
[INFO] [stdout]      |             ^^^^^^^^^^^ use of undeclared type `MemoryStore`
[INFO] [stdout] 
[INFO] [stdout] 
[INFO] [stdout] error[E0433]: failed to resolve: use of undeclared crate or module `libp2p_remux`
[INFO] [stdout]     --> tests/lib.rs:1261:20
[INFO] [stdout]      |
[INFO] [stdout] 1261 |         .multiplex(libp2p_remux::RemuxConfig::default())
[INFO] [stdout]      |                    ^^^^^^^^^^^^ use of undeclared crate or module `libp2p_remux`
[INFO] [stdout] 
[INFO] [stdout] 
[INFO] [stdout] error[E0433]: failed to resolve: use of undeclared crate or module `libp2p_remux`
[INFO] [stdout]     --> tests/lib.rs:1285:20
[INFO] [stdout]      |
[INFO] [stdout] 1285 |         .multiplex(libp2p_remux::RemuxConfig::default())
[INFO] [stdout]      |                    ^^^^^^^^^^^^ use of undeclared crate or module `libp2p_remux`
[INFO] [stdout] 
[INFO] [stdout] 
[INFO] [stdout] error[E0412]: cannot find type `MemoryStore` in this scope
[INFO] [stdout]     --> tests/lib.rs:1072:19
[INFO] [stdout]      |
[INFO] [stdout] 1069 | struct CombinedBehaviour {
[INFO] [stdout]      |                         - help: you might be missing a type parameter: `<MemoryStore>`
[INFO] [stdout] ...
[INFO] [stdout] 1072 |     kad: Kademlia<MemoryStore>,
[INFO] [stdout]      |                   ^^^^^^^^^^^ not found in this scope
[INFO] [stdout] 
[INFO] [stdout] 
[INFO] [stdout] error[E0599]: no method named `upgrade` found for struct `RelayTransport<_>` in the current scope
[INFO] [stdout]    --> examples/relay.rs:55:10
[INFO] [stdout]     |
[INFO] [stdout] 55  |         .upgrade(upgrade::Version::V1)
[INFO] [stdout]     |          ^^^^^^^ method not found in `RelayTransport<_>`
[INFO] [stdout]     | 
[INFO] [stdout]    ::: /opt/rustwide/cargo-home/registry/src/github.com-1ecc6299db9ec823/tetsy-libp2p-core-0.27.2/src/transport.rs:199:8
[INFO] [stdout]     |
[INFO] [stdout] 199 |     fn upgrade(self, version: upgrade::Version) -> upgrade::Builder<Self>
[INFO] [stdout]     |        ------- the method is available for `RelayTransport<_>` here
[INFO] [stdout]     |
[INFO] [stdout]     = help: items from traits can only be used if the trait is in scope
[INFO] [stdout] help: the following trait is implemented but not in scope; perhaps add a `use` for it:
[INFO] [stdout]     |
[INFO] [stdout] 21  | use tetsy_libp2p_core::transport::Transport;
[INFO] [stdout]     |
[INFO] [stdout] 
[INFO] [stdout] 
[INFO] [stdout] warning: unused import: `futures::stream::StreamExt`
[INFO] [stdout]   --> examples/relay.rs:22:5
[INFO] [stdout]    |
[INFO] [stdout] 22 | use futures::stream::StreamExt;
[INFO] [stdout]    |     ^^^^^^^^^^^^^^^^^^^^^^^^^^
[INFO] [stdout]    |
[INFO] [stdout]    = note: `#[warn(unused_imports)]` on by default
[INFO] [stdout] 
[INFO] [stdout] 
[INFO] [stdout] error: aborting due to 11 previous errors; 1 warning emitted
[INFO] [stdout] 
[INFO] [stdout] 
[INFO] [stdout] Some errors have detailed explanations: E0422, E0432, E0433, E0599.
[INFO] [stdout] 
[INFO] [stdout] For more information about an error, try `rustc --explain E0422`.
[INFO] [stdout] 
[INFO] [stderr] error: could not compile `tetsy-libp2p-relay`
[INFO] [stderr] 
[INFO] [stderr] To learn more, run the command again with --verbose.
[INFO] [stderr] warning: build failed, waiting for other jobs to finish...
[INFO] [stdout] error[E0277]: the trait bound `CombinedBehaviour: NetworkBehaviour` is not satisfied
[INFO] [stdout]     --> tests/lib.rs:1198:1
[INFO] [stdout]      |
[INFO] [stdout] 1198 | / fn build_swarm(reachability: Reachability, relay_mode: RelayMode) -> Swarm<CombinedBehaviour> {
[INFO] [stdout] 1199 | |     let local_key = identity::Keypair::generate_ed25519();
[INFO] [stdout] 1200 | |     let local_public_key = local_key.public();
[INFO] [stdout] 1201 | |     let plain = PlainText2Config {
[INFO] [stdout] ...    |
[INFO] [stdout] 1242 | |     Swarm::new(transport, combined_behaviour, local_peer_id)
[INFO] [stdout] 1243 | | }
[INFO] [stdout]      | |_^ the trait `NetworkBehaviour` is not implemented for `CombinedBehaviour`
[INFO] [stdout] 
[INFO] [stdout] 
[INFO] [stdout] error[E0277]: the trait bound `CombinedKeepAliveBehaviour: NetworkBehaviour` is not satisfied
[INFO] [stdout]     --> tests/lib.rs:1245:1
[INFO] [stdout]      |
[INFO] [stdout] 1245 | / fn build_keep_alive_swarm() -> Swarm<CombinedKeepAliveBehaviour> {
[INFO] [stdout] 1246 | |     let local_key = identity::Keypair::generate_ed25519();
[INFO] [stdout] 1247 | |     let local_public_key = local_key.public();
[INFO] [stdout] 1248 | |     let plain = PlainText2Config {
[INFO] [stdout] ...    |
[INFO] [stdout] 1269 | |     Swarm::new(transport, combined_behaviour, local_peer_id)
[INFO] [stdout] 1270 | | }
[INFO] [stdout]      | |_^ the trait `NetworkBehaviour` is not implemented for `CombinedKeepAliveBehaviour`
[INFO] [stdout] 
[INFO] [stdout] 
[INFO] [stdout] error: aborting due to 17 previous errors
[INFO] [stdout] 
[INFO] [stdout] 
[INFO] [stdout] Some errors have detailed explanations: E0277, E0412, E0432, E0433.
[INFO] [stdout] 
[INFO] [stdout] For more information about an error, try `rustc --explain E0277`.
[INFO] [stdout] 
[INFO] [stderr] error: build failed
[INFO] running `Command { std: "docker" "inspect" "3802483d6a370a3300132a24797b7ce03b546f458c407013f1944f94ede4c5db", kill_on_drop: false }`
[INFO] running `Command { std: "docker" "rm" "-f" "3802483d6a370a3300132a24797b7ce03b546f458c407013f1944f94ede4c5db", kill_on_drop: false }`
[INFO] [stdout] 3802483d6a370a3300132a24797b7ce03b546f458c407013f1944f94ede4c5db
